). What is the highest common divisor of i and c?
23
Suppose 0 = g - 7 - 39. Suppose -2*w - 12 = -g. What is the greatest common factor of w and 153?
17
Suppose 5*v - 1 = 4*v, 4*v = -2*q + 1850. What is the greatest common factor of q and 26?
13
Let c(v) = v**3 - 3*v**2 - 4*v + 8. Let r be c(4). Calculate the highest common factor of 16 and r.
8
Let g = -72 + 72. Suppose g = 5*o + 10, c + 4*o - 67 = -2*c. What is the highest common factor of 10 and c?
5
Let g(f) = 58*f + 21. Let t be g(4). What is the greatest common divisor of t and 46?
23
Suppose 6*b - 1826 = 436. What is the greatest common factor of 87 and b?
29
Let p = 14 - 11. Suppose 4*y = -p*v + 2*v + 1, -4*v = -y + 30. Let k = v + 17. Calculate the greatest common divisor of 10 and k.
10
Let j = 258 - 226. What is the highest common factor of j and 40?
8
Let i(n) = -3*n**2 + 2*n - 4. Let s be i(3). Let b = s - -28. Suppose -5 = -3*z + 5*r, 4*r - 20 = -b*z + 3. What is the highest common factor of 45 and z?
5
Suppose -3*r + r = t - 18, 4*r + 14 = 3*t. Let y = t - 9. Let h be 68/2 - y*-2. Calculate the highest common factor of 9 and h.
9
Suppose 538 = -23*n + 5552. Calculate the highest common divisor of n and 4.
2
Let t be (68/(-51))/(3/(-72)). What is the greatest common factor of 1 and t?
1
Let z = -12 - -29. Suppose -4*x + x + 565 = -s, -12 = 3*s. Calculate the greatest common divisor of z and x.
17
Let m be (-1 - 5)*-57*15/27. What is the greatest common factor of 20 and m?
10
Suppose 3*c = 15, 4*c = 2*a - 55 - 7. Let i be (-6)/15 + 2468/20. Calculate the highest common factor of i and a.
41
Suppose 388 = -3*u - 4445. Let k be (4/6)/((-6)/u). Let x be (-1 - k)*(-2)/3. What is the highest common factor of 15 and x?
15
Let w = -1136 + 1208. Calculate the highest common factor of w and 540.
36
Suppose -7845 = g - 597. Let v be g/(-56) + 4/7. Calculate the greatest common divisor of 52 and v.
26
Suppose 6*i = 5*i + 2. Suppose -2*t + 96 = i*t. Calculate the greatest common divisor of t and 3.
3
Suppose 10*h - 13*h = -27. Let c = h + 34. Calculate the highest common factor of 301 and c.
43
Suppose -95 = -h + 15. Suppose h = w + 24. Let j = 185 - w. What is the highest common factor of j and 9?
9
Let c be (12/10)/(1/20). Let h be 7/((-140)/(-316)) - (-3)/15. What is the greatest common factor of h and c?
8
Let g be (320/200)/((-2)/20). Let u be 40/g - (-54)/4. Let w = 99 - 44. Calculate the highest common factor of w and u.
11
Suppose -x + 2*f = x - 16, 0 = -f. Calculate the highest common divisor of 232 and x.
8
Let m = -672 - -765. What is the greatest common divisor of 124 and m?
31
Let a(r) be the third derivative of -r**6/60 - 2*r**5/15 - r**4/6 - 3*r**2. Let k be a(-5). Let p = 10 + k. Calculate the highest common factor of p and 10.
10
Suppose -55*s + 49*s = -1224. Suppose -6*k = -s - 6. Calculate the highest common factor of 385 and k.
35
Suppose -20*a + 1328 = 146*a. Suppose 5*g - 26 - 34 = 0. What is the highest common divisor of a and g?
4
Suppose -260 = 469*h - 474*h. What is the greatest common divisor of h and 8?
4
Suppose -f + 5*u = -1228, 4*f - u - 1240 = 3*f. Let a = f - 888. Let q = -250 + a. What is the greatest common divisor of 42 and q?
21
Suppose 0 = 4*c - 123 - 69. Suppose 5*r = -3*u + 135, -3*u - c = -5*r + 57. What is the greatest common factor of r and 12?
12
Let w = 1413 + -985. Suppose 4*q + 2*c = -4 + w, 5*c + 200 = 2*q. Calculate the greatest common divisor of q and 21.
21
Suppose -r = -2*r. Suppose 4*n + 4*p - 17 - 19 = r, -n + 17 = 3*p. Suppose -2*h + n = -3, -4*h + 121 = x. What is the highest common divisor of 15 and x?
15
Suppose -c = 2*l + 4*c - 8, -c + 5 = -3*l. Let r be (-4*14/(-16))/(l/(-2)). Let v be (-28)/6*(-9)/2. Calculate the greatest common divisor of v and r.
7
Let z = 10 - 16. Let m(y) = -y - 2. Let k be m(z). Suppose -4*n = -9*n - 4*v + 168, -3*v = 3*n - 99. What is the greatest common divisor of n and k?
4
Let f = 438 - 295. Suppose -11*c + 8*c + 33 = -3*q, 0 = -3*c - 4*q + 47. What is the greatest common factor of c and f?
13
Suppose -2 = -3*c - 26. Suppose 3*n + 14 = -2*t, -3*t + 0*t - 3*n - 27 = 0. Let r = c - t. Calculate the highest common divisor of r and 55.
5
Let l be -26*(-49)/(-14)*-1. What is the highest common factor of 182 and l?
91
Suppose 49*q - 1512 = -14*q. What is the highest common divisor of 1452 and q?
12
Suppose 39 = 4*t - 1. Suppose 42 = 3*z + 30. Let m be (z/t + -1)*-45. Calculate the highest common factor of m and 162.
27
Let l = 155 - 141. What is the highest common divisor of l and 14?
14
Suppose 0*w - 2*w = -k - 57, -3*k - 3 = 0. Calculate the greatest common divisor of w and 49.
7
Suppose -5*r - 2*c + 7*c = -940, 2*r - 379 = 5*c. Calculate the greatest common factor of 221 and r.
17
Let d(j) = j**3 + 9*j**2 - 18*j + 45. Let o be d(-11). What is the highest common factor of 98 and o?
1
Suppose -1523 + 4099 = 7*f. Suppose -4*z + v = -185, 1 = -3*v - 2. Calculate the highest common divisor of z and f.
46
Let a = 116 + -59. Let k be 118/4 + (-1)/(-2). Let j = 49 - k. Calculate the greatest common factor of a and j.
19
Let q be (1727/22 + (0 - -4))*4. What is the highest common factor of q and 180?
30
Suppose 53 = o - 187. Suppose -5*t + 162 - 12 = 0. What is the highest common factor of t and o?
30
Let o(u) = u**3 - 12*u**2 + 14. Let v(j) = -j**3 + 12*j**2 - 14. Let m(t) = 4*o(t) + 3*v(t). Let r be m(12). Calculate the highest common factor of 98 and r.
14
Let l be 16/(-24) + (-40)/(-6). Let q(p) = 2*p**2 - 6*p + 6. Let w be q(l). Calculate the highest common divisor of w and 14.
14
Suppose -3*m + 4*b + 20 = 0, -b = m + b. Suppose t = -4*w - 3*t + 4, 5*w - m*t - 23 = 0. Suppose 0 = -w*h + 30. Calculate the highest common factor of 80 and h.
10
Let z(b) = 19*b + 1. Let g be z(4). What is the highest common factor of g and 28?
7
Let q(v) = -v**2 + 10*v + 20. Let r be q(10). Let o(j) = j**2 + 4*j - 17. Let x be o(-8). Calculate the highest common factor of r and x.
5
Suppose -113 = -18*f + 1723. What is the greatest common factor of 153 and f?
51
Let n(p) = 90*p**2 + 2*p + 2. Let v be n(-1). Suppose 3*j = -4*o - 21 + 149, 0 = -4*j - 2*o + 154. What is the highest common factor of j and v?
18
Let m be (14/8 + 0)*-4. Let p(f) = f + 21. Let z be p(m). What is the greatest common divisor of 126 and z?
14
Suppose 2*t - 3 = 1. Suppose 3*d - t*z = 31, d = -0*d - 2*z - 3. Let x = 187 + -131. What is the highest common factor of d and x?
7
Let q = -219 + 225. Calculate the greatest common factor of 48 and q.
6
Let u(i) = -3*i**3 + i**2 + i + 6. Let d = -84 + 80. Let z be u(d). Calculate the highest common divisor of z and 30.
30
Let w = 167 + -125. Calculate the greatest common divisor of 63 and w.
21
Let y = 459 + -411. Calculate the greatest common divisor of y and 12.
12
Suppose 0 = -5*u + 2*z + 51, u + 0*z - 15 = 2*z. Let i(w) = -w + 10. Let c be i(u). Let b be (c - -1) + 70 + -2. What is the greatest common factor of 28 and b?
14
Let l = 1053 + -1004. What is the greatest common factor of l and 119?
7
Let k = -36 - -54. Let j = k - 12. Suppose -3*c + 220 = 76. Calculate the greatest common factor of j and c.
6
Suppose -2*c = 4*f + 12, 0*f + f + 3 = 5*c. Suppose 6*x = 2*x + 2*z + 152, c = -5*z + 20. What is the greatest common divisor of x and 10?
10
Let h be 5*((-42)/(-8))/(105/112). Calculate the highest common factor of 70 and h.
14
Let n = 30 + 9. Let r = 114 - n. Calculate the greatest common factor of 15 and r.
15
Let b = -70 - -47. Let a = 38 + b. Let d be (-6)/a - (-1692)/30. What is the highest common divisor of 8 and d?
8
Let w = -11 - -12. Let y be 4/(-6) - (-22)/6. Suppose 2*q = -0*q - y*r - w, 0 = r + 5. What is the highest common factor of q and 28?
7
Suppose 4*i - 3*a = 9393, -23*i + 26*i + a - 7061 = 0. What is the greatest common factor of 48 and i?
48
Let a(f) = 25*f**2 + 7*f - 2. Let l be a(2). Suppose 0 = -3*i - 6*h + h + 57, -i - 3*h + 23 = 0. What is the highest common divisor of i and l?
14
Suppose -13*d + 5*d + 104 = 0. What is the highest common divisor of 403 and d?
13
Let f(j) = j**2 - 3*j. Let k be f(4). Suppose 13 + 3 = k*b. Let z(d) = d**3 - 3*d**2 - 3. Let s be z(b). What is the highest common factor of s and 39?
13
Suppose -2*f + 0*f + 357 = 3*c, 5*c = -4*f + 715. Calculate the greatest